ose -1870 = -y - b, 13 - 5 = 2*b. What is the tens digit of y?
6
Suppose -6689 = -5*x + 4*p, 15 = 4*p + 19. What is the tens digit of x?
3
Let i(l) = 19 + 14*l**2 + l - 15*l**2 + 2 + 49. What is the units digit of i(0)?
0
What is the tens digit of (103/206)/(-1 - 1817/(-1816))?
0
Suppose 0 = 3*u + 1 - 16. Let t(o) = -4*o**2 + 5 + 11*o**2 - u*o**2 - 8*o. What is the units digit of t(5)?
5
Suppose m + 5 = 0, 0 = 2*g + 5*m - 939 - 598. What is the hundreds digit of g?
7
Let n(f) = -f**2 + 4*f + 35. What is the units digit of n(5)?
0
Suppose v = -5*z - 1, 4*z - 8 = -3*v - 0*z. Let q(p) = 26*p + 3. Let n be q(v). Suppose 5*a = n + 138. What is the tens digit of a?
4
Suppose 3*y + y + 56 = 0. Let a(h) = -h**2 - 14*h + 12. Let l be a(y). Suppose -l = -2*z + 68. What is the units digit of z?
0
Suppose -5*p + 8047 = -2698. What is the units digit of p?
9
Let q(p) = -p**3 - 22*p**2 + 28*p - 24. Let b(w) = w**2 - w + 1. Let z(c) = -6*b(c) - q(c). What is the tens digit of z(-17)?
0
Let i(j) be the first derivative of -5*j**7/168 + j**6/360 + 2*j**3/3 - 4. Let f(z) be the third derivative of i(z). What is the units digit of f(-1)?
6
Suppose -1731 = -14*g + 5899. What is the tens digit of g?
4
Suppose -4*h + h + 1098 = 0. Let l = -202 + h. What is the units digit of 2/4*l/2?
1
Let m(q) = -2 - 9 + 1 - 5*q. Suppose -5*n + 32 = -4*h, -18 = 3*h + 5*n + 6. What is the tens digit of m(h)?
3
Let o be (-8)/(-8)*(0 + 0). Suppose o = -12*y + 9*y + 144. What is the units digit of y?
8
Let i be 1/(-3 - -5 - (-15)/(-8)). Let j(r) = 2*r**2 - 8*r - 14. What is the units digit of j(i)?
0
Let r be (3 + -4)*-1*2. Suppose 0*w + 2*w = -r*s - 308, s + 3*w = -150. What is the tens digit of -3 - s/(4/1)?
3
Let s be 0 + 1 - 0/(-5). Let h(l) = -l**2 + 8*l**2 + 1 + 52*l**2. What is the tens digit of h(s)?
6
Let g(u) be the third derivative of 3*u**5/20 - 3*u**4/8 - 11*u**3/2 - 3*u**2 + 4. What is the units digit of g(-5)?
7
Let p(s) = 4*s + 22. Suppose -4*c = 5*w - 36 - 23, -2*w + 3*c = -19. What is the tens digit of p(w)?
6
Let v(r) = 12*r**2 - 10*r + 5. What is the units digit of v(2)?
3
Let x(o) = -296*o - 418. What is the units digit of x(-11)?
8
Suppose 0 = -v + r + 1533, -3*v - 15*r = -12*r - 4581. What is the tens digit of v?
3
Suppose -23*r + 22*r + 4 = 0. Suppose i + 4*i = 3*k - 264, -5*i = -r*k + 347. What is the units digit of k?
3
Suppose 44375 + 810259 = 138*f. What is the thousands digit of f?
6
Suppose 4*c - 6 = 6, -3*c - 571 = -4*h. What is the units digit of h?
5
Suppose 11*z = 12*z - 429. Suppose 0 = -7*l + z + 180. Let k = l - 49. What is the tens digit of k?
3
Let h(d) = 2*d**2 - d - 9. Let f(w) = -3*w**2 + 3*w + 18. Let c(y) = 3*f(y) + 7*h(y). What is the tens digit of c(5)?
2
Suppose 2*j + 3*s - 552 - 107 = 0, 3*j - s - 972 = 0. Let f = -137 + j. What is the units digit of f?
8
Let w = 13 + -2. Let p(v) = -v**3 + 10*v**2 + 13*v - 11. What is the units digit of p(w)?
1
Suppose 5466 = 14*g - 1184. What is the units digit of g?
5
Let v = -818 - -1149. What is the units digit of v?
1
Suppose -83*w - 4270 = -90*w. What is the tens digit of w?
1
Let n(z) = -z**3 - 21*z**2 + 19*z + 48. What is the hundreds digit of n(-23)?
6
Let c = -286 + 779. What is the tens digit of c?
9
Let t = 452 + -237. What is the tens digit of t?
1
Let o(k) = -k**3 + 8*k**2 + 7*k + 20. Let n be o(9). What is the tens digit of n/(8/978)*(-12)/(-18)?
6
Suppose 0 = 218*b - 213*b - 5445. What is the units digit of b?
9
Suppose -2*z = -9*z + 791. Suppose -7*u + z = -27. What is the tens digit of u?
2
Suppose 2*c - 3 = -c + 3*l, 0 = 5*c - l - 17. Suppose -c*v + 1216 = -4*k, -6*k + 5*k - 5 = 0. What is the tens digit of v?
9
Let n = -4 - -11. Suppose -13 - n = -5*m. Suppose -3*x + 5*i - m = -0*x, -5*i = -25. What is the units digit of x?
7
Let z = 46 + -28. Let b be 3/z*2*9. Suppose -5*l + 161 = -0*d + 3*d, -2*l + b*d = -77. What is the units digit of l?
4
Let o be (1 - 1)*(-1)/(-2). Let n(i) = 9*i - 11. Let t be n(3). Suppose -2*v = -o*v - t. What is the units digit of v?
8
Let r(j) = -6*j - 38. Let z(c) = -c - 1. Let h(o) = r(o) - 3*z(o). What is the units digit of h(-15)?
0
Suppose 2*s - 2*u = -0*u + 22, -4*u = 4*s - 68. What is the tens digit of s?
1
Let c = 8 - 3. Suppose -5*j + 4*j - c*z + 46 = 0, -5*j = -3*z - 202. What is the tens digit of j?
4
Let l(t) be the third derivative of -2*t**4/3 - 19*t**3/3 - 15*t**2. What is the tens digit of l(-12)?
5
Suppose -3*z + 2*c + 84 = -1861, 0 = -2*c - 4. What is the hundreds digit of z?
6
What is the thousands digit of (2 + -212)/(51/(-272))?
1
Let z(b) = -6*b + 18. Let g = -32 + 23. What is the units digit of z(g)?
2
Suppose -h - 3022 = 2*d - 13967, 27365 = 5*d + 3*h. What is the thousands digit of d?
5
Suppose -3796 = -7*m + 1678. What is the units digit of m?
2
Let y be ((-6)/(-8))/(5/60). Let b(u) = u**3 - 9*u**2 + 7. What is the units digit of b(y)?
7
Let b(p) = p**2 + 5*p - 7. Let z be b(4). Let f = z - 7. What is the tens digit of f?
2
Suppose 7*g - 7992 = 2032. What is the tens digit of g?
3
Let f(c) be the first derivative of 17*c**3/3 + c - 14. What is the units digit of f(-1)?
8
Let z(t) = -65*t - 34. Let o(r) = 43*r + 23. Let m(b) = -8*o(b) - 5*z(b). What is the units digit of m(-5)?
1
Let l(g) = 3*g**2 - 18*g - 106. What is the units digit of l(-13)?
5
Let n = 442 - 368. What is the tens digit of n?
7
Suppose 0 = -2*b - 5*s + 2*s - 332, 5*b + 851 = 3*s. Let u = b + 241. What is the units digit of u?
2
Suppose -904 = 22*x - 23*x. What is the hundreds digit of x?
9
Let v(s) = 86*s - 33. What is the hundreds digit of v(2)?
1
Let t = -7 + 7. Suppose 4*p - 2*p - 6 = t. Suppose 16 = -4*k, 140 = 5*c + p*k + 2*k. What is the tens digit of c?
3
Let x be (5/15)/(1/3). What is the tens digit of 36 + 19 + x*-1?
5
Suppose 0 = -3*h + 2884 + 4379. What is the thousands digit of h?
2
Let v be ((-46)/(-10) + -5)*10/(-2). Suppose 0 = -v*k + 16. What is the units digit of k?
8
Let z = -3 + 6. Suppose z*w - 5*n - 73 = 0, -2*n = 4*w + 3*n - 144. Let q = -21 + w. What is the units digit of q?
0
Let b(o) = 9*o - 6*o - 6 + 3*o. Suppose 3*r - 4*z = 24, 2*z - 13 = -4*r + z. What is the units digit of b(r)?
8
Let m(r) = -33*r. Suppose 4*t = -5*x - 1, 0*x - 4*t - 7 = 3*x. Suppose x*i + 4 = i. What is the units digit of m(i)?
6
Suppose 4*t - 5*p - 8307 = 0, -4*p = 59 - 47. What is the tens digit of t?
7
Suppose 4*b - 2*w + 58 = 0, -4*b + 40 - 99 = -3*w. Let l(j) = -j**2 - 15*j - 6. What is the units digit of l(b)?
8
Let n = -1194 - -1702. What is the hundreds digit of n?
5
Suppose 3*y - 4*z = -0*y + 15, -5 = 4*y + 3*z. Suppose 3 = 2*k - y, -35 = -u - 3*k. What is the tens digit of u?
2
Let h = 3439 + -1404. Suppose -17*t + 6*t = -h. What is the tens digit of t?
8
Let s be (-10)/20 - 6/4. Let g(i) = 9*i**2 - 4*i - 4. What is the units digit of g(s)?
0
Let n(k) = 4*k**2 + 7*k - 8. Let x be n(6). Suppose 2*i + l + 3*l - 60 = 0, -5*i = -4*l - x. What is the tens digit of i?
3
Let i(v) = 4*v**2 - 8*v - 11. Suppose -4*y + 48 = 2*y. What is the units digit of i(y)?
1
Suppose z = -3*s - z + 42, -31 = -s + 5*z. Let b = s - 14. Suppose b*k = 4*k - 62. What is the units digit of k?
1
Suppose 2390 = 5*k - 0*k. What is the tens digit of k?
7
Let l(q) = -27*q + 175. What is the hundreds digit of l(-14)?
5
Suppose -3*p + 30 = -3*i, -p - 4*i - 22 = -3*p. What is the units digit of 2*-1 + p + 16?
3
Suppose 4*i = 2*a + 902, 3*a + 2*a + 221 = i. Let u = i + -157. What is the units digit of u?
9
Let o(w) = -3*w**3 + 3*w**2 - 4*w + 2. Let i be o(2). Let z(c) = -c**2 + 11. Let n be z(3). What is the tens digit of 27/i - (-77)/n?
3
Let d = 276 - 228. What is the tens digit of d?
4
Let k be -11 - -11 - 3*-1. Suppose -k*d = 0, 5*y + 0*d = 2*d + 580. What is the hundreds digit of y?
1
Suppose -3*c - 15 = 0, -4*s - 2*c + 39 = 1. Let x(i) = -11 + i - 4*i + 6*i. What is the units digit of x(s)?
5
Let t = -212 - -250. What is the units digit of t?
8
Suppose -5*k = -13*k + 784. Suppose 0 = -5*z + k + 82. What is the tens digit of z?
3
Suppose 7*g - 5*g = 118. Let k = g + -31. What is the tens digit of k?
2
Suppose -3484 = 5*k - 12889. What is the units digit of k?
1
Let d(r) = r - 10. Let o be d(12). Suppose s = -o*m - 0*m - 3, -15 = -4*s + m. Suppose -2*i + s*i = -5*v - 3, -v = -5*i + 63. W